{"id":12,"date":"2016-02-21T00:05:34","date_gmt":"2016-02-21T00:05:34","guid":{"rendered":"http:\/\/totaltheme.wpengine.com\/sustainable\/?page_id=12"},"modified":"2018-09-26T14:23:31","modified_gmt":"2018-09-26T12:23:31","slug":"doneaza","status":"publish","type":"page","link":"https:\/\/www.solidaritate.eu\/index.php\/doneaza\/","title":{"rendered":"Doneaz\u0103"},"content":{"rendered":"[vc_row][vc_column][vc_column_text]\n<h1 style=\"text-align: center;\">Alege suma pe care dore\u0219ti s\u0103 o donezi.<\/h1>\n[\/vc_column_text]<div class=\"vcex-spacing\" style=\"height:30px\"><\/div><div class=\"vcex-multi-buttons vcex-clr\" style=\"text-align:center;\"><a href=\"http:\/\/mpy.ro\/rtu9kev\" class=\"theme-button flat orange vcex-count-1\">10 lei<\/a><a href=\"http:\/\/mpy.ro\/rtu9mev\" class=\"theme-button flat orange vcex-count-2\">30 lei<\/a><a href=\"http:\/\/mpy.ro\/rtu9nev\" class=\"theme-button flat orange vcex-count-3\">50 lei<\/a><a href=\"http:\/\/mpy.ro\/rtu9pev\" class=\"theme-button flat orange vcex-count-4\">100 lei<\/a><a href=\"http:\/\/mpy.ro\/rtu9qev\" class=\"theme-button flat orange vcex-count-5\">200 lei<\/a><a href=\"http:\/\/mpy.ro\/rtu9rev\" class=\"theme-button flat orange vcex-count-6\">500 lei<\/a><a href=\"http:\/\/mpy.ro\/rtu9ser\" class=\"theme-button flat orange vcex-count-7\">Alt\u0103 sum\u0103<\/a><\/div>[\/vc_column][\/vc_row][vc_row][vc_column][vc_column_text]<strong><img loading=\"lazy\" class=\"alignnone size-full wp-image-587\" src=\"https:\/\/www.solidaritate.eu\/wp-content\/uploads\/2018\/05\/Logo_Laborator_150-site.png\" alt=\"\" width=\"150\" height=\"143\" \/><\/strong><\/p>\n<p><strong>ASOCIA\u0162IA LABORATORUL DE SOLIDARITATE<\/strong><\/p>\n<p>Persoan\u0103 juridic\u0103 f\u0103r\u0103 scop lucrativ\u00a0\u00eenregistrat\u0103 la Judec\u0103toria Sector 2, \u00een baza HJ din data de\u00a013.11.2013, \u00een dosarul 29297\/300\/2013,<\/p>\n<p>C.I.F 32587370<\/p>\n<p>IBAN nr. RO10RNCB0078138658520001,<\/p>\n<p>Banca Comercial\u0103 Rom\u00e2n\u0103 (BCR), sucursala \u015etefan cel Mare[\/vc_column_text][\/vc_column][\/vc_row]\n","protected":false},"excerpt":{"rendered":"<p>[vc_row][vc_column][vc_column_text] Alege suma pe care dore\u0219ti s\u0103 o donezi. [\/vc_column_text][\/vc_column][\/vc_row][vc_row][vc_column][vc_column_text] ASOCIA\u0162IA LABORATORUL DE SOLIDARITATE Persoan\u0103 juridic\u0103 f\u0103r\u0103 scop lucrativ\u00a0\u00eenregistrat\u0103 la Judec\u0103toria Sector 2, \u00een baza HJ din data de\u00a013.11.2013, \u00een dosarul 29297\/300\/2013, C.I.F 32587370 IBAN nr. RO10RNCB0078138658520001, Banca Comercial\u0103 Rom\u00e2n\u0103&hellip;<\/p>\n","protected":false},"author":1,"featured_media":0,"parent":0,"menu_order":0,"comment_status":"closed","ping_status":"closed","template":"","meta":{"_monsterinsights_skip_tracking":false,"_monsterinsights_sitenote_active":false,"_monsterinsights_sitenote_note":"","_monsterinsights_sitenote_category":0},"_links":{"self":[{"href":"https:\/\/www.solidaritate.eu\/index.php\/wp-json\/wp\/v2\/pages\/12"}],"collection":[{"href":"https:\/\/www.solidaritate.eu\/index.php\/wp-json\/wp\/v2\/pages"}],"about":[{"href":"https:\/\/www.solidaritate.eu\/index.php\/wp-json\/wp\/v2\/types\/page"}],"author":[{"embeddable":true,"href":"https:\/\/www.solidaritate.eu\/index.php\/wp-json\/wp\/v2\/users\/1"}],"replies":[{"embeddable":true,"href":"https:\/\/www.solidaritate.eu\/index.php\/wp-json\/wp\/v2\/comments?post=12"}],"version-history":[{"count":13,"href":"https:\/\/www.solidaritate.eu\/index.php\/wp-json\/wp\/v2\/pages\/12\/revisions"}],"predecessor-version":[{"id":742,"href":"https:\/\/www.solidaritate.eu\/index.php\/wp-json\/wp\/v2\/pages\/12\/revisions\/742"}],"wp:attachment":[{"href":"https:\/\/www.solidaritate.eu\/index.php\/wp-json\/wp\/v2\/media?parent=12"}],"curies":[{"name":"wp","href":"https:\/\/api.w.org\/{rel}","templated":true}]}}