{"id":1583,"date":"2020-10-20T09:37:55","date_gmt":"2020-10-20T07:37:55","guid":{"rendered":"http:\/\/www.solidaritate.eu\/?page_id=1583"},"modified":"2021-06-11T17:54:10","modified_gmt":"2021-06-11T15:54:10","slug":"fermierul-nadlacan-2","status":"publish","type":"page","link":"https:\/\/www.solidaritate.eu\/index.php\/activitati\/proiecte\/cooperformance-ro\/fermierul-nadlacan-2\/","title":{"rendered":"Cooperativa Agricol\u0103 Fermierul N\u0103dl\u0103can"},"content":{"rendered":"<h1 style=\"text-align: center;\"><span class=\"tlid-translation translation\" lang=\"ro\">Cooperativa Agricol\u0103 Fermierul N\u0103dl\u0103can<\/span><\/h1>\n<p><img loading=\"lazy\" class=\" wp-image-1587 aligncenter\" src=\"https:\/\/www.solidaritate.eu\/wp-content\/uploads\/2020\/10\/sigla-coop-292x300.png\" alt=\"\" width=\"185\" height=\"190\" srcset=\"https:\/\/www.solidaritate.eu\/wp-content\/uploads\/2020\/10\/sigla-coop-292x300.png 292w, https:\/\/www.solidaritate.eu\/wp-content\/uploads\/2020\/10\/sigla-coop.png 382w\" sizes=\"(max-width: 185px) 100vw, 185px\" \/>Studiul de caz se concentreaz\u0103 pe o cooperativ\u0103 agricol\u0103 specializat\u0103 \u00een comercializarea produc\u021biei \u00een sectorul cultur\u0103 mare: gr\u00e2u, porumb, floarea soarelui, sfecl\u0103 de zah\u0103r, rapi\u021b\u0103, soia, orz, ov\u0103z \u0219i lucern\u0103. Cooperativa Agricol\u0103 \u201eFermierul N\u0103dl\u0103can\u201d se afl\u0103 \u00een Nadlac, jude\u021bul Arad, Rom\u00e2nia. Partenerii au demarat cooperativa deoarece erau nemul\u021bumi\u021bi de slaba comercializare a produselor lor: cereale, plante tehnice \u0219i culturi oleaginoase, precum \u0219i de costurile ridicate de aprovizionare cu inputuri, rezult\u00e2nd \u00een venituri mici din activit\u0103\u021bile lor agricole. Scopul \u00eenfiin\u021b\u0103rii cooperativei a fost \u00eembun\u0103t\u0103\u021birea calit\u0103\u021bii \u0219i valorific\u0103rii produc\u021biei membrilor, ob\u021binerea pentru ace\u0219tia a unor pre\u021buri mai bune, o aprovizionare mai eficient\u0103 cu inputuri \u0219i, astfel, cre\u0219terea veniturilor totale ale membrilor din activitatea agricol\u0103.<\/p>\n<p><img loading=\"lazy\" class=\"size-medium wp-image-1586 aligncenter\" src=\"https:\/\/www.solidaritate.eu\/wp-content\/uploads\/2020\/10\/poza-2-300x225.png\" alt=\"\" width=\"300\" height=\"225\" srcset=\"https:\/\/www.solidaritate.eu\/wp-content\/uploads\/2020\/10\/poza-2-300x225.png 300w, https:\/\/www.solidaritate.eu\/wp-content\/uploads\/2020\/10\/poza-2-768x576.png 768w, https:\/\/www.solidaritate.eu\/wp-content\/uploads\/2020\/10\/poza-2.png 960w\" sizes=\"(max-width: 300px) 100vw, 300px\" \/>De la \u00eenfiin\u021barea sa, \u00een numai 4 ani, cooperativa a ajuns la 19 membri, 3 sunt persoane juridice, 5 \u00eentreprinderi individuale, 9 persoane fizice autorizate \u0219i 2 persoane fizice. Astfel cooperativa este considerat\u0103 cooperativ\u0103 de gradul II. Suprafa\u021ba agricol\u0103 a membrilor cooperatori individual este \u00eentre 48 ha \u0219i 314 ha, \u00eempreun\u0103 ajung\u00e2nd la o suprafa\u021b\u0103 total\u0103 de peste 1600 ha, ceea ce reprezint\u0103 12% din suprafa\u021ba agricol\u0103 din N\u0103dlac.<\/p>\n<p>Cooperativa are deja trei proiecte cu finan\u021bare PNDR M\u0103sura 9.1 &#8211; \u00cenfiin\u021barea grupurilor de produc\u0103tori din sectorul agricol, M\u0103sura 4.1 &#8211; Investi\u021bii \u00een exploata\u021bii agricole pentru sistem de recep\u021bie, condi\u021bionare \u0219i depozitare \u2013 siloz \u0219i pe M\u0103sura 4.2 pentru dezvoltarea activit\u0103\u021bii cooperativei. Cofinan\u021barea proiectelor s-a f\u0103cut cu \u00eemprumuturi bancare, garantate de unii membri. Num\u0103rul angaja\u021bilor cooperativei a crescut constant, de la 2 angaja\u021bi \u00een 2016 la 5 angaja\u021bi \u00een 2020. \u00cen acela\u0219i timp, av\u00e2nd \u00een vedere cifra de afaceri a cooperative\u0219or \u00a0de cultur\u0103 mare din Rom\u00e2nia, \u00een anul fiscal 2018 cooperativa s-a clasat pe locul 8 la nivel na\u021bional.<\/p>\n<p>Dup\u0103 construc\u021bia spa\u021biilor de depozitare, unul dintre obiectivele principale este achizi\u021bionarea \u00eentregii cantit\u0103\u021bi de inputuri prin cooperativ\u0103, crearea unui depozit de inputuri care s\u0103 serveasc\u0103 to\u021bi membrii pentru a-i ajuta cu toate produsele necesare.<\/p>\n<p><img loading=\"lazy\" class=\" wp-image-1585 aligncenter\" src=\"https:\/\/www.solidaritate.eu\/wp-content\/uploads\/2020\/10\/poza-1-300x157.png\" alt=\"\" width=\"411\" height=\"215\" srcset=\"https:\/\/www.solidaritate.eu\/wp-content\/uploads\/2020\/10\/poza-1-300x157.png 300w, https:\/\/www.solidaritate.eu\/wp-content\/uploads\/2020\/10\/poza-1-768x402.png 768w, https:\/\/www.solidaritate.eu\/wp-content\/uploads\/2020\/10\/poza-1.png 837w\" sizes=\"(max-width: 411px) 100vw, 411px\" \/>Cooperativa Agricol\u0103 Fermierul N\u0103dl\u0103can caut\u0103 \u00een permanen\u021b\u0103 solu\u021bii pentru problemele membrilor \u0219i este implicat\u0103 \u00een implementarea acestora prin rela\u021bii directe pe care le-a stabilit cu furnizorii, clien\u021bii \u0219i autorit\u0103\u021bile. Pentru problemele de politic\u0103 public\u0103 pe care nu reu\u0219esc s\u0103 le rezolve singuri, la nivel local, apeleaz\u0103 la UNCSV &#8211; Uniunea Na\u021bional\u0103 a Cooperativelor din Sectorul Vegetal &#8211; din Rom\u00e2nia, unde sunt membri din iunie 2018.<\/p>\n<p>Multe dintre problemele cooperativei provin din ecosistemul legal \u0219i de politici publice \u00een care opereaz\u0103 \u0219i de la actorii cu care interac\u021bioneaz\u0103 &#8211; acestea au fost descrise \u00een sec\u021biunea privind mediul politic. Cele mai urgente probleme cu care se confrunt\u0103 membrii \u0219i pe care cooperativa \u00eencearc\u0103 s\u0103 le rezolve prin proiecte \u0219i lobby sunt: accesul la ap\u0103 \u0219i iriga\u021bii pe terenurile lor, proprietatea terenului \/ chirii \u0219i concuren\u021ba neloial\u0103.<\/p>\n<p>Studiul de caz \u00een forma extins\u0103 poate fi consultat\u00a0<a href=\"https:\/\/www.solidaritate.eu\/wp-content\/uploads\/2021\/06\/O1_Romania_Fermierul_Nadlacan_final_romanian.pdf\">la acest link<\/a>.<\/p>\n<p>\u00a0<img loading=\"lazy\" class=\"size-medium wp-image-307 aligncenter\" src=\"https:\/\/www.solidaritate.eu\/wp-content\/uploads\/2018\/03\/FINCare_UE-300x66.jpg\" alt=\"\" width=\"300\" height=\"66\" srcset=\"https:\/\/www.solidaritate.eu\/wp-content\/uploads\/2018\/03\/FINCare_UE-300x66.jpg 300w, https:\/\/www.solidaritate.eu\/wp-content\/uploads\/2018\/03\/FINCare_UE.jpg 700w\" sizes=\"(max-width: 300px) 100vw, 300px\" \/><\/p>\n\n\n<p><\/p>\n","protected":false},"excerpt":{"rendered":"<p>Cooperativa Agricol\u0103 Fermierul N\u0103dl\u0103can Studiul de caz se concentreaz\u0103 pe o cooperativ\u0103 agricol\u0103 specializat\u0103 \u00een comercializarea produc\u021biei \u00een sectorul cultur\u0103 mare: gr\u00e2u, porumb, floarea soarelui, sfecl\u0103 de zah\u0103r, rapi\u021b\u0103, soia, orz, ov\u0103z \u0219i lucern\u0103. Cooperativa Agricol\u0103 \u201eFermierul N\u0103dl\u0103can\u201d se afl\u0103&hellip;<\/p>\n","protected":false},"author":1,"featured_media":0,"parent":1532,"menu_order":0,"comment_status":"closed","ping_status":"closed","template":"","meta":{"_monsterinsights_skip_tracking":false,"_monsterinsights_sitenote_active":false,"_monsterinsights_sitenote_note":"","_monsterinsights_sitenote_category":0},"_links":{"self":[{"href":"https:\/\/www.solidaritate.eu\/index.php\/wp-json\/wp\/v2\/pages\/1583"}],"collection":[{"href":"https:\/\/www.solidaritate.eu\/index.php\/wp-json\/wp\/v2\/pages"}],"about":[{"href":"https:\/\/www.solidaritate.eu\/index.php\/wp-json\/wp\/v2\/types\/page"}],"author":[{"embeddable":true,"href":"https:\/\/www.solidaritate.eu\/index.php\/wp-json\/wp\/v2\/users\/1"}],"replies":[{"embeddable":true,"href":"https:\/\/www.solidaritate.eu\/index.php\/wp-json\/wp\/v2\/comments?post=1583"}],"version-history":[{"count":5,"href":"https:\/\/www.solidaritate.eu\/index.php\/wp-json\/wp\/v2\/pages\/1583\/revisions"}],"predecessor-version":[{"id":1611,"href":"https:\/\/www.solidaritate.eu\/index.php\/wp-json\/wp\/v2\/pages\/1583\/revisions\/1611"}],"up":[{"embeddable":true,"href":"https:\/\/www.solidaritate.eu\/index.php\/wp-json\/wp\/v2\/pages\/1532"}],"wp:attachment":[{"href":"https:\/\/www.solidaritate.eu\/index.php\/wp-json\/wp\/v2\/media?parent=1583"}],"curies":[{"name":"wp","href":"https:\/\/api.w.org\/{rel}","templated":true}]}}