{"id":871,"date":"2019-01-21T12:45:29","date_gmt":"2019-01-21T10:45:29","guid":{"rendered":"http:\/\/www.solidaritate.eu\/?page_id=871"},"modified":"2019-06-11T07:38:31","modified_gmt":"2019-06-11T05:38:31","slug":"echipa","status":"publish","type":"page","link":"https:\/\/www.solidaritate.eu\/index.php\/despre-noi\/echipa\/","title":{"rendered":"Echipa"},"content":{"rendered":"<h2><img loading=\"lazy\" class=\"alignleft wp-image-872 \" src=\"https:\/\/www.solidaritate.eu\/wp-content\/uploads\/2019\/01\/Ancuta-Vamesu-150x143.jpg\" alt=\"\" width=\"154\" height=\"147\" \/>Ancu\u021ba Vame\u0219u,\u00a0Fondatoare<\/h2>\n<p>Ancu\u021ba a fost activ\u0103 \u00een sectorul neguvernamental din Rom\u00e2nia din anii \u201990 c\u00e2nd a ini\u021biat \u0219i proiectat o serie de programe de dezvoltare a societ\u0103\u021bii civile. De atunci \u00eencoace, ca formator, consultant sau evaluator pentru ONG, \u00eentreprinderi sociale,\u00a0 autorit\u0103\u021bi publice, finan\u021batori a proiectat \u0219i supervizat programe de sprijin pentru ONG, CAR,cooperative, programe de dezvoltare economic\u0103 local\u0103 \u0219i a economiei sociale \u00een Rom\u00e2nia \u0219i c\u00e2teva din \u021b\u0103rile vecine. Experien\u021ba profesional\u0103 a dob\u00e2ndit-o lucr\u00e2nd \u00een organiza\u021bii cum ar fi\u00a0 Delega\u021bia Comisiei Europene \u00een Rom\u00e2nia, Funda\u021bia pentru Dezvoltarea Societ\u0103\u021bii Civile \u2013 FDSC, Fundatia Parteneri pentru Dezvoltare Local\u0103, ca membr\u0103 \u00een Grupul de Exper\u021bi pentru Economia Social\u0103 al Comisiei Europene 2012-2014 \u0219i a Comisiei Interna\u021bionale a CIRIEC.\u00a0 Ancuta a fondat \u00een 1996 si a fost primul director al FDSC, a ini\u021biat Institutul de economie social\u0103 \u00een cadrul FDSC \u00een 2010 \u00a0\u0219i \u00een 2013 Laboratorul de solidaritate. Ancu\u021ba a proiectat \u0219i derulat programe de dezvoltare local\u0103 inclusiv prin economia social\u0103 \u00een zona Oltenia de sub Munte Horezu V\u00e2lcea\u00a0 Novaci Gorj \u0219i \u00een c\u00e2teva comune din lunca Dun\u0103rii \u00een jude\u021bul C\u0103l\u0103ra\u0219i, av\u00e2nd de asemenea interven\u021bii \u00een numeroase alte comune din sudul \u021b\u0103rii. \u00cen prezent Ancu\u021ba este \u00cenalt consilier din partea Uniunii Europene pentru implicarea societ\u0103\u021bii civile \u00een Republica Moldova. Ancu\u021ba este inginer, are un Master \u00een Administra\u021bie Public\u0103 \u0219i studii post-universitare de economie social\u0103 la European Research Institute on Cooperatives and Social Enterprises EURICSE \u0219i \u00een domeniul evalu\u0103rii politicilor publice la University of Galway.<\/p>\n<h2><img loading=\"lazy\" class=\"alignleft wp-image-875 \" src=\"https:\/\/www.solidaritate.eu\/wp-content\/uploads\/2019\/01\/Adrian-Secal-150x150.jpg\" alt=\"\" width=\"162\" height=\"162\" \/>Adrian Secal,\u00a0Secretar<\/h2>\n<p>Specialist in economie sociala si dezvoltare comunitara, cu aproape 20 de ani de experienta in sectorul neguvernamental in domenii cum ar fi antreprenoriat social, dezvoltare rurala, management de programe de finantare, servicii sociale, educatie nonformala si formare. Manager de proiect cu experienta de aproape 10 ani, inclusiv in proiecte cu finantare europeana, avand ca interese leadership-ul, dezvoltarea capacitatilor organizationale, dezvoltarea de afaceri si managementul schimbarii.\u00a0Formator in domenii cum ar fi antreprenoriat, management si scriere de proiecte si metode de educatie nonformala.\u00a0Cu o dorinta continua de a invata si de a ma inova permanent, a facut\u00a0 studii de Executive MBA la Maastricht School of Management Romania.\u00a0<em>Cred cu tarie ca oamenii sunt cele mai importante resurse ale unei organizatii si promovez o cultura a succesului si a dezvoltarii continue.\u00a0Consider ca reusitele de maine sunt rezultatele actiunilor de azi si a invatamintelor de ieri.<\/em><\/p>\n<h2><img loading=\"lazy\" class=\"alignleft wp-image-873\" src=\"https:\/\/www.solidaritate.eu\/wp-content\/uploads\/2019\/01\/Irina-Sanziana-Opincaru-300x231.jpg\" alt=\"\" width=\"171\" height=\"132\" srcset=\"https:\/\/www.solidaritate.eu\/wp-content\/uploads\/2019\/01\/Irina-Sanziana-Opincaru-300x231.jpg 300w, https:\/\/www.solidaritate.eu\/wp-content\/uploads\/2019\/01\/Irina-Sanziana-Opincaru.jpg 499w\" sizes=\"(max-width: 171px) 100vw, 171px\" \/>Irina S\u00eenziana Opincaru,\u00a0Cercet\u0103tor<\/h2>\n<p>Irina Opincaru este sociolog, in prezent doctorand la Scoala Doctorala de Sociologie de la Universitatea din Bucuresti, cu o teza intitulata &#8220;Participarea comunitatii in gestionarea proprietatii comune: studiul comparativ al obstilor si composesoratelor din Romania&#8221; din 2016. Detine diplome de licenta si master (acordate in 2010 si 2012) in Sociologie, Universitatea din Bucuresti. Are o vasta experienta de cercetare, atat academica, cat si aplicata, in domeniile cooperatiei, economiei sociale si excluderii financiare, fiind cercetator la Institutul de Economie Sociala din cadrul Fundatiei pentru Dezvoltarea Societatii Civile \u00a0din Romania. Irina a lucrat in proiecte mari europene, cu diverse metodologii, pentru colectarea si prelucrarea datelor cantitative si calitative, avand, de asemenea, abilitati in planificarea evenimentelor si scrierea de rapoarte. A fost membru activ al micii si entuziastei echipe a proiectului &#8220;Romanian Mountain Commons &#8211; \u00a0Associative Environmentality&#8221;.<\/p>\n<h2><img loading=\"lazy\" class=\"alignleft wp-image-831\" src=\"https:\/\/www.solidaritate.eu\/wp-content\/uploads\/2018\/12\/moni-209x300.png\" alt=\"\" width=\"154\" height=\"221\" srcset=\"https:\/\/www.solidaritate.eu\/wp-content\/uploads\/2018\/12\/moni-209x300.png 209w, https:\/\/www.solidaritate.eu\/wp-content\/uploads\/2018\/12\/moni.png 334w\" sizes=\"(max-width: 154px) 100vw, 154px\" \/>Monica Vasile,\u00a0Cercet\u0103tor<\/h2>\n<p>Monica este antropolog de mediu. A ob\u021binut un doctorat \u00een Sociologie la Universitatea din Bucure\u0219ti, cu o diserta\u021bie despre re\u00eenfiin\u021barea post-socialist\u0103 a ob\u0219tilor \u0219i composesoratelor rom\u00e2ne\u0219ti. A lucrat ca fellow \u0219i cercet\u0103tor la institu\u021bii europene de prestigiu, ca membr\u0103\u00a0 a unor grupuri interdisciplinare \u0219i a lucrat, de asemenea, ca expert socio-economic pentru proiecte de conservare a naturii desf\u0103\u0219urate de organiza\u021bii interna\u021bionale, cu implica\u021bii concrete pentru via\u021ba comunit\u0103\u021bilor carpatice. Activitatea ei combin\u0103 practica academic\u0103 cu cea aplicat\u0103, document\u00e2nd lumile sociale \u0219i ecologice de pe toat\u0103 suprafa\u021ba Mun\u021bilor Carpa\u021bi, cu un accent special pe p\u0103duri, p\u0103\u0219uni \u0219i rela\u021biile om-animal. \u00cen ultimii cincisprezece ani, Monica a efectuat cercet\u0103ri etnografice extinse \u0219i sondaje sociologice. Recent, a condus proiectul &#8220;Romanian Mountain Commons &#8211; Associative Environmentality&#8221;, un studiu amplu a 330 de ob\u0219ti \u0219i composesorate din Rom\u00e2nia.<\/p>\n","protected":false},"excerpt":{"rendered":"<p>Ancu\u021ba Vame\u0219u,\u00a0Fondatoare Ancu\u021ba a fost activ\u0103 \u00een sectorul neguvernamental din Rom\u00e2nia din anii \u201990 c\u00e2nd a ini\u021biat \u0219i proiectat o serie de programe de dezvoltare a societ\u0103\u021bii civile. De atunci \u00eencoace, ca formator, consultant sau evaluator pentru ONG, \u00eentreprinderi sociale,\u00a0&hellip;<\/p>\n","protected":false},"author":1,"featured_media":0,"parent":2,"menu_order":0,"comment_status":"closed","ping_status":"closed","template":"templates\/no-sidebar.php","meta":{"_monsterinsights_skip_tracking":false,"_monsterinsights_sitenote_active":false,"_monsterinsights_sitenote_note":"","_monsterinsights_sitenote_category":0},"_links":{"self":[{"href":"https:\/\/www.solidaritate.eu\/index.php\/wp-json\/wp\/v2\/pages\/871"}],"collection":[{"href":"https:\/\/www.solidaritate.eu\/index.php\/wp-json\/wp\/v2\/pages"}],"about":[{"href":"https:\/\/www.solidaritate.eu\/index.php\/wp-json\/wp\/v2\/types\/page"}],"author":[{"embeddable":true,"href":"https:\/\/www.solidaritate.eu\/index.php\/wp-json\/wp\/v2\/users\/1"}],"replies":[{"embeddable":true,"href":"https:\/\/www.solidaritate.eu\/index.php\/wp-json\/wp\/v2\/comments?post=871"}],"version-history":[{"count":11,"href":"https:\/\/www.solidaritate.eu\/index.php\/wp-json\/wp\/v2\/pages\/871\/revisions"}],"predecessor-version":[{"id":1524,"href":"https:\/\/www.solidaritate.eu\/index.php\/wp-json\/wp\/v2\/pages\/871\/revisions\/1524"}],"up":[{"embeddable":true,"href":"https:\/\/www.solidaritate.eu\/index.php\/wp-json\/wp\/v2\/pages\/2"}],"wp:attachment":[{"href":"https:\/\/www.solidaritate.eu\/index.php\/wp-json\/wp\/v2\/media?parent=871"}],"curies":[{"name":"wp","href":"https:\/\/api.w.org\/{rel}","templated":true}]}}

<h2><img loading="lazy" class="alignleft wp-image-872 " src="https://www.solidaritate.eu/wp-content/uploads/2019/01/Ancuta-Vamesu-150x143.jpg" alt="" width="154" height="147" />Ancuța Vameșu, Fondatoare</h2>
<p>Ancuța a fost activă în sectorul neguvernamental din România din anii ’90 când a inițiat și proiectat o serie de programe de dezvoltare a societății civile. De atunci încoace, ca formator, consultant sau evaluator pentru ONG, întreprinderi sociale,  autorități publice, finanțatori a proiectat și supervizat programe de sprijin pentru ONG, CAR,cooperative, programe de dezvoltare economică locală și a economiei sociale în România și câteva din țările vecine. Experiența profesională a dobândit-o lucrând în organizații cum ar fi  Delegația Comisiei Europene în România, Fundația pentru Dezvoltarea Societății Civile – FDSC, Fundatia Parteneri pentru Dezvoltare Locală, ca membră în Grupul de Experți pentru Economia Socială al Comisiei Europene 2012-2014 și a Comisiei Internaționale a CIRIEC.  Ancuta a fondat în 1996 si a fost primul director al FDSC, a inițiat Institutul de economie socială în cadrul FDSC în 2010  și în 2013 Laboratorul de solidaritate. Ancuța a proiectat și derulat programe de dezvoltare locală inclusiv prin economia socială în zona Oltenia de sub Munte Horezu Vâlcea  Novaci Gorj și în câteva comune din lunca Dunării în județul Călărași, având de asemenea intervenții în numeroase alte comune din sudul țării. În prezent Ancuța este Înalt consilier din partea Uniunii Europene pentru implicarea societății civile în Republica Moldova. Ancuța este inginer, are un Master în Administrație Publică și studii post-universitare de economie socială la European Research Institute on Cooperatives and Social Enterprises EURICSE și în domeniul evaluării politicilor publice la University of Galway.</p>
<h2><img loading="lazy" class="alignleft wp-image-875 " src="https://www.solidaritate.eu/wp-content/uploads/2019/01/Adrian-Secal-150x150.jpg" alt="" width="162" height="162" />Adrian Secal, Secretar</h2>
<p>Specialist in economie sociala si dezvoltare comunitara, cu aproape 20 de ani de experienta in sectorul neguvernamental in domenii cum ar fi antreprenoriat social, dezvoltare rurala, management de programe de finantare, servicii sociale, educatie nonformala si formare. Manager de proiect cu experienta de aproape 10 ani, inclusiv in proiecte cu finantare europeana, avand ca interese leadership-ul, dezvoltarea capacitatilor organizationale, dezvoltarea de afaceri si managementul schimbarii. Formator in domenii cum ar fi antreprenoriat, management si scriere de proiecte si metode de educatie nonformala. Cu o dorinta continua de a invata si de a ma inova permanent, a facut  studii de Executive MBA la Maastricht School of Management Romania. <em>Cred cu tarie ca oamenii sunt cele mai importante resurse ale unei organizatii si promovez o cultura a succesului si a dezvoltarii continue. Consider ca reusitele de maine sunt rezultatele actiunilor de azi si a invatamintelor de ieri.</em></p>
<h2><img loading="lazy" class="alignleft wp-image-873" src="https://www.solidaritate.eu/wp-content/uploads/2019/01/Irina-Sanziana-Opincaru-300x231.jpg" alt="" width="171" height="132" srcset="https://www.solidaritate.eu/wp-content/uploads/2019/01/Irina-Sanziana-Opincaru-300x231.jpg 300w, https://www.solidaritate.eu/wp-content/uploads/2019/01/Irina-Sanziana-Opincaru.jpg 499w" sizes="(max-width: 171px) 100vw, 171px" />Irina Sînziana Opincaru, Cercetător</h2>
<p>Irina Opincaru este sociolog, in prezent doctorand la Scoala Doctorala de Sociologie de la Universitatea din Bucuresti, cu o teza intitulata &#8220;Participarea comunitatii in gestionarea proprietatii comune: studiul comparativ al obstilor si composesoratelor din Romania&#8221; din 2016. Detine diplome de licenta si master (acordate in 2010 si 2012) in Sociologie, Universitatea din Bucuresti. Are o vasta experienta de cercetare, atat academica, cat si aplicata, in domeniile cooperatiei, economiei sociale si excluderii financiare, fiind cercetator la Institutul de Economie Sociala din cadrul Fundatiei pentru Dezvoltarea Societatii Civile  din Romania. Irina a lucrat in proiecte mari europene, cu diverse metodologii, pentru colectarea si prelucrarea datelor cantitative si calitative, avand, de asemenea, abilitati in planificarea evenimentelor si scrierea de rapoarte. A fost membru activ al micii si entuziastei echipe a proiectului &#8220;Romanian Mountain Commons &#8211;  Associative Environmentality&#8221;.</p>
<h2><img loading="lazy" class="alignleft wp-image-831" src="https://www.solidaritate.eu/wp-content/uploads/2018/12/moni-209x300.png" alt="" width="154" height="221" srcset="https://www.solidaritate.eu/wp-content/uploads/2018/12/moni-209x300.png 209w, https://www.solidaritate.eu/wp-content/uploads/2018/12/moni.png 334w" sizes="(max-width: 154px) 100vw, 154px" />Monica Vasile, Cercetător</h2>
<p>Monica este antropolog de mediu. A obținut un doctorat în Sociologie la Universitatea din București, cu o disertație despre reînființarea post-socialistă a obștilor și composesoratelor românești. A lucrat ca fellow și cercetător la instituții europene de prestigiu, ca membră  a unor grupuri interdisciplinare și a lucrat, de asemenea, ca expert socio-economic pentru proiecte de conservare a naturii desfășurate de organizații internaționale, cu implicații concrete pentru viața comunităților carpatice. Activitatea ei combină practica academică cu cea aplicată, documentând lumile sociale și ecologice de pe toată suprafața Munților Carpați, cu un accent special pe păduri, pășuni și relațiile om-animal. În ultimii cincisprezece ani, Monica a efectuat cercetări etnografice extinse și sondaje sociologice. Recent, a condus proiectul &#8220;Romanian Mountain Commons &#8211; Associative Environmentality&#8221;, un studiu amplu a 330 de obști și composesorate din România.</p>

<p>Ancuța Vameșu, Fondatoare Ancuța a fost activă în sectorul neguvernamental din România din anii ’90 când a inițiat și proiectat o serie de programe de dezvoltare a societății civile. De atunci încoace, ca formator, consultant sau evaluator pentru ONG, întreprinderi sociale, &hellip;</p>
